 be the third derivative of g**5/60 - g**4/8 + 2*g**3/3 + 8*g**2. Determine l(3).
4
Let u(b) = 2 - b + 1 + b - 2*b. Calculate u(4).
-5
Let a(l) = 2*l - 3 - 1 + 0. Let o be a(3). Let x(n) = -5*n + n + 3 - o. Determine x(2).
-7
Let s = 16 - 22. Let z(w) = -w**2 - 10*w - 9. Give z(s).
15
Let j(l) = -l**2 + 6*l - 3. Let f(q) = -q + 5. Let n be f(-13). Let m be n*(-2)/12*-2. Determine j(m).
-3
Let c be (-9)/(-2)*4/6. Suppose -4*o + 11 = c. Let u(s) = 3 - 3*s**o + 2*s + 2*s**2 - 3*s + 3*s. Calculate u(-2).
-5
Let x = 0 - -3. Let p(k) = k - 5. Let j(m) = -m + 4. Let q(l) = x*j(l) + 2*p(l). Let c be q(3). Let w(g) = 6*g**3 - g**2. Give w(c).
-7
Let r(w) = 6*w**3 - 6*w**2 + w - 10. Let g(o) = 7*o**3 - 6*o**2 - 11. Let n = -2 + -4. Let y(x) = n*r(x) + 5*g(x). Determine y(5).
0
Let k(a) = -7*a**2 + 7*a + 4. Let l(r) = 3*r**2 - 3*r - 2. Let t(z) = 2*k(z) + 5*l(z). Let u be t(0). Let p(h) = h**3 + 3*h**2 - h - 1. Determine p(u).
5
Let p be -3*(4/(-6) - 0). Let t(z) = 4*z + 2. Let j be t(1). Let b(h) = -5*h + h + j*h - h. What is b(p)?
2
Let o(x) = 2*x - 14. Suppose -5*w + 3*d + 56 = 0, -w - 2*d = d - 4. Calculate o(w).
6
Let g = -12 - -17. Let x(o) = -o**3 + 5*o**2 - o - 1. Give x(g).
-6
Let j = 44 - 175/4. Let a(u) be the second derivative of u**2 + 1/20*u**5 - j*u**4 - 2/3*u**3 - 2*u + 0. Give a(3).
-10
Let d(z) = -z**3 + 7*z**2 + z - 6. Let q be d(7). Let j(w) = -2*w**2 - 2*w + 4 - 1 + 0*w - 2. What is j(q)?
-3
Let c(n) = -5*n**2 + 2*n + 1. Let y be 4/(-5)*1/(-2)*5. Determine c(y).
-15
Let d = -5 - -5. Let i(q) = -q**2 - 3 - 3*q + d - 2*q - 1. Calculate i(-3).
2
Let t(y) = y + 6. Let a(s) = s + 7. Let l(w) = 2*a(w) - 3*t(w). Let z(x) = x**3 + 4*x**2 - 14*x - 8. Let f be z(-6). Determine l(f).
-8
Let p = 3 - 1. Let n(f) be the second derivative of -1/6*f**3 + 1/2*f**p + 0 + 2*f. Give n(2).
-1
Suppose -2*x - 1 + 5 = 0. Let a(d) = 3*d**2 - 45*d**3 + 46*d**3 + d**x - 4*d - 2. Give a(-5).
-7
Let l(z) be the third derivative of z**6/120 + z**5/12 + 5*z**4/24 + z**3/2 - 28*z**2. Give l(-4).
-1
Suppose -5*u = 3*z + 3 + 5, 3 = -2*u - z. Suppose 0 = q + 2*q. Let x(y) = y**2 + 6*y**3 + y**2 + 2*y + 1 + q*y. Calculate x(u).
-5
Let k(p) = p**2 + 13*p + 14. Let c be 4/6*(-15 - (1 + 2)). Determine k(c).
2
Let c(u) = 37*u + 30*u + 17*u - 20*u. Let f(h) = -13*h. Suppose -4*o - 91 - 20 = -3*j, 2*o - 5*j = -73. Let m(i) = o*f(i) - 5*c(i). Calculate m(-1).
8
Let b(s) be the third derivative of 0 + 1/24*s**4 + 0*s + 1/6*s**3 + 4*s**2. Give b(6).
7
Let c(o) = -o**2 + 2*o. Let p = 4 - -1. Suppose p*w = -3*x - 26, -x + 0 = w + 6. What is c(x)?
-8
Let a(j) = 6*j - 1. Let f be 4/6*6/(-4). Suppose 5*s - s + 4 = -3*k, -3*s = 4*k + 3. Let d be f/((s/(-1))/(-1)). What is a(d)?
5
Suppose 0 = -5*v - 4 - 1. Let j be 46/8 + v/(-4). Let m(r) = -5*r**2 + 4*r**2 - j*r**3 + 15*r**3. Calculate m(1).
8
Suppose 0 = -2*y + 2, y = -0*n + 3*n - 11. Suppose n*u - 5*u + 1 = 0. Let o(i) = i. Let x(j) = -9*j**2 - j - 1. Let f(z) = o(z) + x(z). Give f(u).
-10
Let m(r) be the third derivative of -r**8/6720 + r**6/360 - r**4/12 + r**2. Let u(v) be the second derivative of m(v). Calculate u(2).
-4
Let q(c) = -c + 2. Let d be q(0). Let r(l) = 5 - 2*l - 2*l + 3*l + d*l. Calculate r(4).
9
Let a be (2 + (-4)/6)*3. Suppose h + 2 = a. Let z(v) = 0*v**3 + v**2 - 8*v**h - v**3 + 5 + 2*v**2. Determine z(-5).
5
Let s(v) = -4 + 0*v**2 + 0*v**2 - v**2 - 5*v + 6. Give s(3).
-22
Suppose -3 - 7 = -5*q. Suppose l - 4 = a - 2, q*a + 8 = 4*l. Let d(i) = i**2 + i - 14. Give d(a).
-14
Let g(h) = -14*h - 9*h + 24*h - 1 - 6*h**2. Let v = 3 - 2. Calculate g(v).
-6
Let t(h) be the second derivative of -h**5/20 - h**4/4 + h**3/3 + 3*h**2/2 - 17*h. Calculate t(-4).
11
Let a(i) = i**2 - i - 14. Suppose 2*z - h - 4 + 1 = 0, 9 = -3*h. Calculate a(z).
-14
Let s(r) be the first derivative of -r**2 - r + 4/3*r**3 + 3. Calculate s(-1).
5
Suppose 6*i - 8 = 28. Let z(r) = 2*r - 7. Give z(i).
5
Let n(p) = 7*p**2 + p + 6. Let l(o) = -3*o**2 - 3. Let b be 6/8 - 92/16. Let x(q) = b*l(q) - 2*n(q). What is x(3)?
6
Let d(u) = u + 2. Let l be d(3). Let x(z) = -2*z + 0*z**2 + z**3 - 5*z + 3*z**2 + l*z. Give x(-3).
6
Let s(c) = -c**3 + c**2 - c - 1. Let b(g) = 4*g**3 - 9*g**2 + 3*g. Let x(n) = b(n) + 5*s(n). Give x(-4).
3
Let u(v) = v + 4. Let q(l) = 1. Let w = -2 - -3. Let o(y) = w*u(y) - 5*q(y). What is o(6)?
5
Let c(q) be the first derivative of -3*q**2/2 - 8*q + 6. Determine c(-6).
10
Let o(u) be the second derivative of -u**4/12 - 15*u**2/2 - 6*u. Give o(0).
-15
Let a(w) = 1 - 3*w**2 + 9*w**2 + 4 - 4. What is a(-1)?
7
Let h(l) be the third derivative of 1/8*l**4 - 5/6*l**3 - 2*l**2 + 0 + 1/60*l**5 + 0*l. What is h(-4)?
-1
Let f(b) = -b - 2. Let q be ((-4)/6)/((-2)/9). Let r = q - 0. Give f(r).
-5
Let p(l) = -8*l + 2*l + 105 + 105 + l**2 - 208. Suppose 0 = -2*h + 5*h - 9. Calculate p(h).
-7
Let d(m) be the second derivative of m**4/12 + 2*m**3/3 + 3*m**2 + 2*m. Let f(r) = 2*r**2 + 8*r + 13. Let b(v) = 5*d(v) - 2*f(v). Give b(-3).
1
Let i(q) = 3*q**2 - 2*q + 2*q + 2*q + q**3 - 4 - 3*q. Let k be i(-3). Let c(n) = 9*n**3 + 2*n**2 + 2*n + 1. Calculate c(k).
-8
Let p(f) = f**2 - 5*f + 4. Let h(q) = q + 4. Let d be h(-3). Let i be d/((5/(-3))/(-5)). Let n = i - -2. Determine p(n).
4
Let q(z) = 2*z**2 + 3*z - 8. Let n(t) = -2*t**2 - 4*t + 9. Let l(w) = 5*n(w) + 6*q(w). Calculate l(3).
9
Let o(q) = q**3 - 1. Let r(z) = 5*z**3 + 4*z**2 - 2*z - 3. Let m(g) = 4*o(g) - r(g). What is m(-4)?
-9
Suppose 8 = 3*x - j, 0*x - 4*j = x - 20. Let h(f) = -3 - f**2 - x*f + 2*f**2 + 2. Suppose 1 - 13 = 3*y, 24 = 2*o - 4*y. Calculate h(o).
-1
Let g(f) = -f**2 + 8*f. Let z = -21 - -28. Give g(z).
7
Let m(v) = v**2 - v - 1. Let f(u) = -3*u**2 - 6*u - 6. Let o(y) = -f(y) - 2*m(y). Determine o(-6).
-4
Let v(p) = -p**2 - 5*p + 6. Let h be (-4 - -3) + -4 + 12. Suppose 2*r = 4*n - 16, h*r = 4*r + 4*n - 22. Determine v(r).
0
Let c(r) = 5*r**3 - r - 6*r**3 - r + 2*r**2 + 3 + r**2. What is c(3)?
-3
Let d = -11/8 + 37/24. Let t(v) be the second derivative of -2*v + v**2 + d*v**3 + 0. What is t(-4)?
-2
Let l(b) = 14*b + 1. Let p(f) = -5*f. Let h(y) = -4*l(y) - 11*p(y). Give h(0).
-4
Let i(j) be the first derivative of j**3/3 - 7*j**2/2 - 11. Give i(5).
-10
Suppose -2*o - 2*o = 8. Let r be (8 + o)/((-4)/2). Let l(z) = -z + 2. What is l(r)?
5
Suppose -1 = -2*n + 9. Suppose -4*g + 15 = -n*w, w = 5*w - 4. Let t(b) = b**3 - 4*b**2 - 2*b - 4. Determine t(g).
11
Let o(j) = j**2 - 6*j + 4. Suppose p - 4*p + 12 = 0. Calculate o(p).
-4
Suppose 0 = -o + g + 6, 0 = 2*o + 2*o + 3*g - 3. Let p(h) be the first derivative of h**4/4 - 4*h**3/3 + 3*h**2/2 - h - 1. What is p(o)?
-1
Let a(l) = -5*l + 4. Let w(h) = 4*h - 3. Let u(n) = 2*a(n) + 3*w(n). Calculate u(2).
3
Let i(k) = -k**3 + 5*k**2 - 5*k + 4. Let o(s) = -s**3 + 6*s**2 + 8*s - 3. Let c be o(7). Give i(c).
0
Let q(x) be the second derivative of -x**3/3 - 2*x. Let o be q(2). Let a(h) = h**2 + 5*h + 5. What is a(o)?
1
Let q(i) = 0 - 7 + 5*i + 0*i**2 + i**2. Give q(-6).
-1
Let j(z) = z**2 + z. Let k(r) = -6*r**2 - 4*r + 4. Let s(q) = -5*j(q) - k(q). Let c(m) = 2*m**2 - m - 4. Let t(v) = 2*c(v) - 3*s(v). Calculate t(0).
4
Let v(t) be the second derivative of 5/6*t**3 + 0 + 2*t - 1/2*t**2. Calculate v(1).
4
Let d(n) = -2*n - 3. Let h(y) = -y**3 - 6*y**2 - 3*y + 4. Let x be h(-5). Give d(x).
9
Suppose 4*h - 1 = -5. Let f(c) = -4*c + 5*c + 0*c. Calculate f(h).
-1
Let l(n) = n - 7. Let g be (-2 - -2)*2/(-4). Suppose 0 = 4*c - 60. Suppose 3*r + g*r - c = 0. What is l(r)?
-2
Suppose -3*q = -3*p - 21, 3*q = -p + 6 - 5. Let t be (q/(-6))/(1/(-3)). Let r(l) = l**2 + l - t - 5*l + 2. What is r(4)?
1
Let q(f) = f**2 + 2*f + 1. Suppose 4*t + 8 = 4*k, 4 = -3*t - 2*t + 2*k. Suppose t*a + 5*a + 5 = 0. Give q(a).
0
Let w(v) be the second derivative of 1/6*v**4 - 1/120*v**5 + 0*v**3 + 0*v**2 - 2*v - 1/360*v**6 + 0. Let u(a) be the third derivative of w(a). What is u(-3)?
5
Let n be (4/3)/(22/33). Let k(a) = -2*a**n + 2*a**2 - 5*a + a**2 - 6*a**2 - a**3. Determine k(-4).
4
Let t(d) = d**2 - 1. Let h(w) = w**3 - 4*w**2 - 5*w + 3. Let x be h(5). Suppose -5*s = -l - 19, -3*s = x*l - 8 - 7. Let k = s + -3. What is t(k)?
0
Let x(a) = a**3 - 2*a**2 + 3*a. Suppose 6 = 3*h - c, -5*h + 0*h - 3*c = -24. Suppose 5*y + 5 = z - 3*z, -4*z + 17 = y. Let v = z - h. Determin